/6 + t**2/2 + 3*t. Suppose 3*k + 3 = v, -3*v - 9 = -6*v. Give c(k).
1
Suppose 5*g = a + 16 - 1, -4*a - 28 = -4*g. Let u(l) = -2*l**2 + l - 1. Let w(t) = t**3 + 8*t**2 - 5*t + 3. Let h(r) = 5*u(r) + w(r). Calculate h(g).
-2
Let c(k) = k**3 + 13*k**2 - 12*k + 13. Suppose -p - n = 11, -5*n - 44 = 3*p - 17. Calculate c(p).
-15
Suppose -3*j - 108 = -2*g - g, 0 = g - 3*j - 32. Suppose 2 = -6*p + g. Let b(w) = w**3 - 7*w**2 + 4*w. What is b(p)?
-12
Suppose -26 = -5*n + n - 3*a, -2*n = 4*a - 18. Let z(c) = -8*c - 4*c + 11*c + 0 + 1. Give z(n).
-4
Let s(k) be the first derivative of k**4/4 - 5*k**3/3 - 3*k**2 + 5*k + 7. Determine s(6).
5
Let z = 2 + -3. Let g(u) be the second derivative of u**6/45 - 10*u**3/3 + 13*u. Let o(v) be the second derivative of g(v). Calculate o(z).
8
Let l be (3/(-6))/((-2)/4). Let d(i) be the first derivative of -2*i**4 - i**3/3 + 2. Determine d(l).
-9
Suppose 4*m = m + 2*i + 12, 0 = -m - i + 9. Suppose -6 - m = -3*n. Suppose 0*u = 2*u + 2*h + 10, -2 = -5*u + n*h. Let s(c) = -2*c**3 - 2*c**2 + c. What is s(u)?
6
Let l(f) = -14*f + 20. Let s be l(2). Let a(j) = j + 8. Give a(s).
0
Let n(f) = 5*f - 1. Suppose 0*l + l = 4*y - 3, -l - 3 = -3*y. Let a be -3*(-4)/12*(1 + y). Determine n(a).
4
Let f(m) = m**3 + 3*m**2 + 2*m + 3. Let x = -8 + 11. Suppose 0 = -x*h - 11 + 2. Let i be (1 - 2 - -1) + h. Determine f(i).
-3
Let z(b) be the second derivative of b**5/20 - b**4/4 + b**3/2 - 3*b**2/2 + 3*b. Let j(y) = 4*y + 13. Let s be j(6). Suppose -5*a + s - 22 = 0. Determine z(a).
6
Suppose 12 = -0*y - 3*y, 3*w + 5*y - 49 = 0. Let d = w + -22. Let a(g) = -7*g**3 + g**2. Determine a(d).
-6
Let d(r) be the first derivative of r**2/2 - 17*r - 180. Determine d(0).
-17
Let f(l) be the third derivative of l**6/120 + l**5/60 + l**4/24 + l**3/2 + 630*l**2. Give f(0).
3
Let m(o) = 0 - 3 - o - 6. Let j be m(-4). Let g(f) = 0 + 3*f - 2 + f**2 + 3. Give g(j).
11
Let g(r) = -r**2 + 11*r - 15. Suppose -2*t - 20 = -40. Determine g(t).
-5
Let u(b) be the third derivative of 5*b**4/24 + b**3/3 - b**2 - 26. Give u(-2).
-8
Suppose 5*g = 20, -3*u - 2*u - 2*g - 7 = 0. Let d(x) = x + 1. Let s(o) = -3 - 3 - 4*o + 4. Let b(n) = -3*d(n) - s(n). What is b(u)?
-4
Let g be ((-14)/(-28))/(1/(-8)). Let n(q) = 14. Let k(v) = -v + 2. Let s(w) = 4*k(w) - n(w). Calculate s(g).
10
Let f(p) = -p**2 - 9*p + 2. Let n be f(-9). Let t be 1 - 4 - (n - 1). Let w(z) = 5*z + 3. Calculate w(t).
-17
Let j(m) = -2*m**2 + m - 11. Suppose -4*l + 0*k = k - 5, -2*l + 25 = 5*k. What is j(l)?
-11
Let c(i) be the second derivative of i**3/6 - 7*i**2 + 6*i. Let b(p) = -1. Let k(t) = -22*b(t) + 2*c(t). Calculate k(4).
2
Suppose 0 = -2*a - 3*s - 6 + 19, -5*a - 3*s + 37 = 0. Let o(g) = g**3 - 7*g**2 - 9*g + 5. Let x be o(a). Let v(b) = b**2 + 2*b + 1. What is v(x)?
4
Let w(i) = -10*i - i**3 + 161*i**2 + 2*i**3 - 152*i**2 - 4 + 5. Give w(-10).
1
Let x(u) = -6*u - 9. Let d(h) = h + 1. Let j(k) = -9*d(k) - x(k). Let b be 2/10*-27 - (-171)/(-285). Give j(b).
18
Let n(w) = w**2 + 4*w + 1. Let b be n(-4). Let k(z) be the second derivative of 5*z**3/3 + z**2/2 + 2*z + 1496. What is k(b)?
11
Let c(w) = w + 3. Let r(g) = -g**2 + 12*g - 85. Let h(v) = -7*c(v) - r(v). Determine h(15).
4
Let s(k) = -2*k - 16. Let q be s(-9). Let u(f) = -f + 8*f**2 + 5*f**2 - 12*f**q - 6*f**3 - 1. Determine u(-1).
7
Suppose 5*s - 26 + 11 = -4*b, 3*s - 1 = -4*b. Let a(o) be the first derivative of o - 1/2*o**2 + s. Calculate a(6).
-5
Let b = 930 + -926. Let x(p) = 2*p**3 - 5*p**2 - 1. Determine x(b).
47
Let k(w) = 0*w + 4*w + 0 + 1 + 2*w. Let a be k(-1). Let r(u) = -u**2 - 4*u + 4. Give r(a).
-1
Let y(m) = -m**2 + 7*m - 7. Suppose -6*z + z + 132 = -j, -111 = -4*z - j. Let p be 16/12*z/6. What is y(p)?
-1
Let x(a) be the first derivative of a**3/3 - 3*a**2 - 5*a - 1. Let g be (-3)/(-12) - (81/(-12) + 1). What is x(g)?
-5
Let i(o) = -28*o + 6*o + 6*o + 6*o + 6*o + 11. Calculate i(10).
-29
Let r(f) = -f + 9. Suppose 0 = a - s - 2*s + 8, -3*s + 15 = 0. What is r(a)?
2
Let c(z) = z**2 + 3*z + 3. Let a be 4/(-22) - 48/(-22). Let x = a - 0. Let h = -4 + x. Determine c(h).
1
Let m(x) be the first derivative of x**4/2 + 2*x**3/3 - x**2/2 + 63. Calculate m(1).
3
Let i be ((-6)/(-7))/(24/168). Let p(d) = 2*d**3 - 5*d**2 - 5*d - d**3 + 0*d**3 - 3. What is p(i)?
3
Suppose 3*t - 7 = -k, -t - 5 = -3*k - 2*t. Let m(i) = -k + 7*i - i**2 - i**2 - 4*i. Suppose s + 4*s = 5*r + 35, 3*r + 12 = 0. Calculate m(s).
-10
Let p(z) = z**2 - z + 8. Let n be p(0). Suppose -t = j, 3*j + n = t + 6*j. Let h(v) = -v**3 - 3*v**2 + 6*v + 6. Determine h(t).
-2
Let j(d) be the third derivative of d**6/120 + d**5/15 + d**4/24 + 5*d**2. Suppose 4*n + 25 = 9. Determine j(n).
-4
Let p(u) = 1 - 8*u**2 - 6 + 6*u + 4*u**2 + 5*u**2. Let n(y) = -3*y**2 + 2*y + 2. Let a be n(2). Give p(a).
-5
Suppose -5*f = -0*f + 15. Let g(c) = -25 - 2*c + 19 - 5*c + 6*c. Let a(x) = 3*x + 18. Let r(s) = f*a(s) - 8*g(s). Give r(-6).
0
Let u(l) = -l**3 + 2*l**2 - l + 3. Let z be u(0). Let g(s) = s**3 + 0*s**z + 2 - s**2 - s + 2*s**2. Determine g(-2).
0
Let u(m) = -m**3 - 5*m**2 + 6*m + 5. Suppose -4*z + p = 362, p - 180 = -0*z + 2*z. Let y = z + 85. What is u(y)?
5
Suppose 14*z = -17*z + 27*z. Let s(l) be the second derivative of -1/3*l**3 + l**2 + 1/6*l**4 + 1/20*l**5 + z - 5*l. What is s(2)?
14
Suppose 1280*b = 1279*b - 3. Let s(z) = z - 4. Give s(b).
-7
Let h(g) = -8 - 12 - 4*g + 2*g**2 - 6 + 19. Let c(y) = -2*y**2 + 3*y + 6. Let u(q) = 6*c(q) + 5*h(q). Calculate u(1).
-3
Let g(a) be the first derivative of a**6/360 - a**5/30 + a**4/24 - 4*a**3/3 + 1. Let u(k) be the third derivative of g(k). What is u(3)?
-2
Suppose 14*x - 19*x + 65 = 0. Let c(w) = -x + 7 + 5 + 3*w - 4*w. Suppose 0 = a + a + 6. Give c(a).
2
Suppose -2*x + 15 = 3*j - x, 0 = 5*j - 3*x - 25. Suppose j*s + 30 = -5. Let m(t) = -t - 12. Determine m(s).
-5
Let z(q) = 2*q**2 - 3*q + 2. Let w = -6 - -22. Suppose -3*d + w = -4*v, -4*v + 2*v - 8 = 4*d. Suppose 4*o - 4*n = -d*o + 28, 5*o - n - 15 = 0. Calculate z(o).
4
Let a(h) = h**2 - h - 1. Let y(o) = o**2 + 31*o + 11. Let r(b) = 2*a(b) + y(b). Let x(z) = -z**2 - 10*z - 3. Let k(n) = 3*r(n) + 8*x(n). Determine k(-5).
-7
Let j(r) = -2*r - 7. Let m(h) = h - 15. Let y(q) = 15. Let p(v) = -5*m(v) - 6*y(v). Let c(u) = 7*j(u) - 3*p(u). Let k = 13 + -6. Give c(k).
3
Let h = 7 + -9. Let l(x) be the second derivative of -x**7/2520 - x**6/720 + x**5/60 + x**4/4 + 4*x. Let v(s) be the third derivative of l(s). What is v(h)?
0
Let f(s) = 2*s**3 - 10*s**2 - s + 9. Let g be f(5). Let a(m) = -m**2 + 4. Give a(g).
-12
Let o(a) be the third derivative of a**4/24 + 3*a**3 - 294*a**2. Calculate o(-20).
-2
Let k(r) be the third derivative of -r**4/24 - 4*r**3/3 + 59*r**2. Determine k(-4).
-4
Let q(u) = -u + 1. Let z(x) = 12*x - 7. Let f(h) = 6*q(h) + z(h). Give f(-3).
-19
Let r = -82 - -86. Let h(d) = d**3 - 3*d**2 - 5*d + 5. What is h(r)?
1
Let a(g) = 5*g + 7. Let c(p) = 3*p + 4. Let t = -13 - 1. Let u = 18 + t. Let d(n) = u*a(n) - 7*c(n). Determine d(-7).
7
Let p(f) = f - 9. Let s be 0/(0/(-6) - 1). What is p(s)?
-9
Suppose -2*s - 105*a - 8 = -107*a, 0 = -5*a + 5. Let x(l) = 3*l. Determine x(s).
-9
Let t(h) = -h**3 - 2*h**2 - 1. Suppose i - 73 = 5*o - 0*i, i + 32 = -2*o. Let q be (0 + 1)/(20/o + 1). Give t(q).
8
Let j(k) = -3*k**2 - 26*k - 10. Let t(p) = -2*p**2 - 17*p - 7. Let w be (-55)/(-5)*-1 + 3. Let l(a) = w*t(a) + 5*j(a). Determine l(-6).
6
Let b be ((-11)/4)/((-89)/(-356)). Let t(d) = d**3 + 12*d**2 + 5*d - 14. Determine t(b).
52
Let u(a) = a**3 - 2*a**2 - 49*a - 1. Let p be u(-6). Let b(q) = 2*q + 7. What is b(p)?
17
Let z(x) be the second derivative of x**3/2 - 18*x**2 + 16*x. Let y be z(10). Let i(g) = g**2 + 6*g + 5. Determine i(y).
5
Let h(x) = x**2 + 2*x - 6. Suppose -4*d + 2*o = -0*d - 86, 2*d - 2*o = 42. Suppose -2*q = -4*w - d, -5*q + 7 = -w - 3*q. Calculate h(w).
9
Let q(h) = -h**3 + 2*h - 5. Let c(k) = -2*k**2 - 7*k + 6. Let y(m) = 2*c(m) + 3*q(m). What is y(-3)?
66
Let j(h) = -h**3 + 5*h**2 + 7*h - 1. Let d be (-18 - 2)/(-4)*(-6)/(-5). What is j(d)?
5
Suppose -d + i + 3 = -2*d, 13 = -2*d + 5*i. Let a(b) = 0 - 6 + 1 + b**2 + 2*b. Let t be a(d). Let r(q) = 2*q**2 - q - 1. What is r(t)?
14
Let c(m) = 54 - 49 - 9*m**2 + 3*m**3 + 9*m**2 - 4*m**3. Determine c(0).
5
Let x(h) = 3*